*3 + 15*r**2 + 35*r - 12. Calculate the remainder when 93 is divided by f(-11).
6
Suppose -11*k - 52 = -15*k. What is the remainder when k is divided by 6 + (1/(-1) - -3)?
5
Suppose -4*w + 8 = 0, -3*m - 4*w + 0*w + 8 = 0. Suppose m = 21*q - 25*q + 144. Calculate the remainder when 106 is divided by q.
34
Let y(a) = 4*a**3 - 15*a**2 + 6*a + 32. Calculate the remainder when y(6) is divided by 132.
128
Let v = 51 + -11. Calculate the remainder when v is divided by (7/(-4))/((-195)/(-40) - 5).
12
Let l be ((-2)/((-4)/13))/((-15)/(-60)). Suppose -58*i + l = -57*i. Calculate the remainder when 128 is divided by i.
24
Suppose 0 = 4*h + 3*z + 768, -5*z = h + 157 + 18. Let l = -79 - h. What is the remainder when l is divided by 39?
38
Let a = -60 + 64. Suppose -a*k + 60 = 5*r + 11, 5*r - 50 = -5*k. What is the remainder when r is divided by 2?
1
Suppose 2*b - 2*q - 544 = -2*b, 0 = -4*b - 4*q + 532. Let r = b + -49. Suppose -2*y + r = 18. What is the remainder when y is divided by 9?
7
Suppose 2*c = -3*c + 30. Calculate the remainder when (-2)/c*(-5 + -193) is divided by 12.
6
Suppose -12*h + 52 + 71 = -9. What is the remainder when h is divided by (36/(-16))/(3/(-8))?
5
Calculate the remainder when ((-2755)/133)/(1/(-7)) is divided by 36.
1
Let n(h) = h**3 - 21*h**2 - 47*h + 42. Calculate the remainder when 92 is divided by n(23).
16
Let d be (-4)/(-2) - (-1 + 5). Let i = 12 - d. Calculate the remainder when 40 is divided by i.
12
Suppose 2*y + 3*m + 2*m = 0, 4*m = 4*y. Let w be (6 - y) + -4 - -7. What is the remainder when ((-54)/4)/(w/(-18)) is divided by 15?
12
Let d(y) = y**2 + 9*y + 12. Let c = -118 + 161. Calculate the remainder when c is divided by d(-9).
7
Suppose 14*b + 1812 = 8840. What is the remainder when b is divided by 12?
10
Suppose 0 = 2*c - 3 - 3, w = 5*c - 14. Calculate the remainder when 108*w - (-18)/(-18) is divided by 27.
26
Suppose 91 + 34 = 5*v. Calculate the remainder when 1547 is divided by v.
22
Let b = 2329 - 2291. Calculate the remainder when 340 is divided by b.
36
Suppose 52*s = 56*s - 328. Let w = s + -77. What is the remainder when w is divided by 4?
1
Let t = -1364 - -1371. Calculate the remainder when (-1)/(2*-1)*34 is divided by t.
3
Let r = 30 - 42. Suppose 0*p = 5*p - 110. What is the remainder when ((-368)/r + -4)*(-12)/(-5) is divided by p?
20
Let u(z) = -6*z**2 + 180*z + 18. What is the remainder when 92 is divided by u(30)?
2
Let u = 23 - 57. Let q = u - -43. Calculate the remainder when q is divided by 4.
1
What is the remainder when 65 is divided by (-3)/33 - (-14343)/231?
3
Let f(r) be the third derivative of -r**4/24 - 18*r**2. What is the remainder when f(-17) is divided by 8?
1
Let a(l) = -3*l - 6. Let k be a(-4). Let b be ((-8)/k)/((-4)/(-786)). What is the remainder when b/(-8) + 2/8 is divided by 17?
16
Let n = 4 + -9. Let w(z) = -3*z - 8 + 2 - 2 + 1. Calculate the remainder when w(n) is divided by 5.
3
Suppose 0 = -12*z + 50 + 166. Calculate the remainder when 51 is divided by z.
15
Suppose x = 2*i - 150, -3*i - 152 = -5*i + 2*x. What is the remainder when i is divided by 25?
24
Suppose c + 2*h = h - 1, 4*c + h + 13 = 0. Let j(l) = 2*l**2 + 3*l - 2. Suppose 0 = 6*i - 11*i + 170. Calculate the remainder when i is divided by j(c).
16
Let m(f) be the second derivative of -f**3/2 - 17*f**2/2 - 16*f. Let a = 92 + -44. Calculate the remainder when a is divided by m(-9).
8
Suppose 2*c + 3*t - 63 = 0, -3*c = 3*t + 50 - 146. Calculate the remainder when 107 is divided by c.
8
Let h = -14 + 26. Let t be ((-9)/h)/(1/4). What is the remainder when t - -3 - 1 - -29 is divided by 15?
13
Let l(i) = 2*i**3 - 7*i**2 - 11*i + 14. What is the remainder when 161 is divided by l(5)?
25
Let t = 442 + -433. Let u(i) = 6*i + 1. Calculate the remainder when u(5) is divided by t.
4
Suppose 8*s - 131 = 93. What is the remainder when (-108)/14*(-49)/7 is divided by s?
26
Suppose -151*b + 12814 = -27050. Calculate the remainder when b is divided by 10.
4
Let u(m) = -3*m**2 + 8*m + 7. Let y be u(3). Suppose l - 4 = 2*p - 45, -4*l + 88 = y*p. Calculate the remainder when 58 is divided by p.
16
Let o be ((-63)/(-45))/((-2)/(-10)). Let p(h) = h**2 + 5 + h + 2*h**2 - o. Calculate the remainder when p(-4) is divided by 11.
9
Calculate the remainder when 209 is divided by (-7 + 1)*((-150)/9)/10.
9
Suppose 0 = -5*i + 74 + 16. Calculate the remainder when (284/(-10))/((-12)/30) is divided by i.
17
Suppose -6*l + 4*l = 2, -2 = -3*c - l. Calculate the remainder when 59 is divided by 70/(-42)*-9*c.
14
Suppose 245 = 5*b - 380. Let d = b + -58. Calculate the remainder when d is divided by 17.
16
Let f(v) = -v**2 - 64*v + 3 + 64*v. Let b be f(2). What is the remainder when 50 is divided by (b - 0)/(1/(-13))?
11
Let w(f) = -f**3 - f + 10. Suppose 6*o - 3 = -3. Calculate the remainder when 28 is divided by w(o).
8
Let j(d) = -d**3 + d**2 + 3*d - 3. Let o be (-4)/(0 - (3 - 1)). Let z be j(o). Let y = z - -9. Calculate the remainder when 31 is divided by y.
7
Suppose 2*k + 3*b + 7 = 0, 8*b - 36 = k + 3*b. Let d = 32 + k. Let r = d + -2. What is the remainder when 56 is divided by r?
18
Suppose -2*c + 49 + 17 = -4*h, -5*c = -h - 120. Let d be (6/(-4))/(3/(-20)). Let n = 2 + d. What is the remainder when c is divided by n?
11
Let t(g) = 42*g**2 - g + 1. Let f(n) = 15*n**2 - 147*n - 14. Calculate the remainder when t(1) is divided by f(10).
10
Let o(k) = 50*k**2 + k + 2. Suppose -5*r = -0*r - 35. Suppose 2*z - 7*m + r = -2*m, -3*z = 2*m + 1. Calculate the remainder when o(z) is divided by 26.
25
Suppose 6*d + 12 = -0. What is the remainder when 6 is divided by (0 + 3/d)*(-24)/9?
2
Let h(m) = -2*m - 26. What is the remainder when 55 is divided by h(-25)?
7
Let y be 0 + -1 + (11 - 0). What is the remainder when (-59)/((-3)/(-12) - y/8) is divided by 31?
28
Let n = -48 + 65. Suppose -25 = -5*q, 0 = 5*y - 4*q - n - 28. What is the remainder when 24 is divided by y?
11
Suppose -5*f + 69 = z + 16, 0 = -3*f - 5*z + 23. Let q = f - 8. Let x(t) = -t. What is the remainder when q is divided by x(-1)?
0
What is the remainder when 258 is divided by (((-261)/(-6))/(-1))/((-50)/100)?
84
Let p(o) = -o**2 - 5*o + 5. Let h(j) = j - 12. Let d be h(14). Suppose 0 = 4*v - 16, 4*g - 3*g - 9 = d*v. What is the remainder when g is divided by p(-5)?
2
Suppose -22*o + 209 + 363 = 0. What is the remainder when 645 is divided by o?
21
Suppose 63 = -3*d + 3*s, 5*d = 4*d - 3*s - 1. Let k = -35 - d. Let q = -4 - k. What is the remainder when 58 is divided by q?
13
Let a be 4 - (1 - -2 - -22). Let h = 1 - a. Calculate the remainder when 41 is divided by h.
19
Let w = -155 + 174. What is the remainder when 131 is divided by w?
17
Let n = -915 - -944. Calculate the remainder when 101 is divided by n.
14
Suppose 6*q - 36 + 18 = 0. Suppose -5*t + 65 = 4*d, q*d - 59 - 1 = -5*t. Calculate the remainder when 14 is divided by t.
5
Suppose 0 = j + 2, 5*j + 1 - 11 = 2*h. Calculate the remainder when 209 is divided by 315/h*(-1 - 2/6).
41
Let u(r) = r**2 - 44*r + 62. Calculate the remainder when 148 is divided by u(43).
15
Let m = 69 + -60. Suppose 5*t - 24 = b, -5*t = 4*b - 4 - 0. What is the remainder when m is divided by t?
1
Let t = 1486 + -1425. What is the remainder when 168 is divided by t?
46
Suppose -3*g + 14 = -g. Let z(x) = 18*x**3 - x**2 - 3*x + 3. Calculate the remainder when z(1) is divided by g.
3
Suppose 759 = 9*x + 48. Suppose -5*t - 27 = -127. What is the remainder when x is divided by t?
19
Suppose 35*t = 9591 + 21524. What is the remainder when t is divided by 99?
97
Let g = 245 - 218. What is the remainder when 89 is divided by g?
8
Let k(w) be the first derivative of -w**4/4 + 9*w**3 + 5*w**2/2 - 22*w + 1. Calculate the remainder when k(27) is divided by 29.
26
Suppose -7*k = -5*k - 8. Suppose -107 = -a - 3*g, 2*a - 3*a = -k*g - 93. Suppose 27*z - 22*z - 130 = 0. Calculate the remainder when a is divided by z.
23
Let m = 12 + -9. Calculate the remainder when ((-1)/2)/((-3)/324) is divided by 352/16 - m*1.
16
Let w(o) = -22*o - 38. What is the remainder when 361 is divided by w(-3)?
25
Let p = -25 + 43. What is the remainder when 275/4 - 19/(-228)*3 is divided by p?
15
Suppose q - 84 = -2*q. Let d be 12/10*(-10)/(-3). Suppose 5*z + d*p = 525, -4*z + 4*p + 73 + 383 =